= -v, -3*v - 2*b = -164. What is the greatest common factor of r and v?
18
Suppose 0 = 5*a - 4*y + 562, 7*a = 3*a + y - 443. Let p = a + 164. Suppose 170 + p = 2*w. What is the greatest common factor of 32 and w?
16
Let q be (-99)/12 + (-2)/(-8). Let k(v) = -5*v + 9. Let y be k(q). Suppose 0 = 10*g - 0 - 70. What is the highest common factor of y and g?
7
Let u be (-6)/4 + 8 + (-2499)/(-34). Suppose 0 = 4*t - 21 - 99. What is the highest common factor of t and u?
10
Let i(z) = z**3 - 4*z - 20. Let x be (16 + -21)/(1 + -2). Let q be i(x). What is the highest common factor of 35 and q?
5
Let i = -337 - -345. Suppose i*w - 312 = 136. What is the greatest common divisor of 8 and w?
8
Suppose -h + 3*c + 239 = 0, -2*c = 3*h + c - 717. Suppose h = 18*t - 49. What is the highest common factor of 64 and t?
16
Let n be 65/55 + -1 - (-172)/22. Let u(o) = -o**3 + 13*o**2 - 16*o - 8. Let s be u(n). What is the highest common factor of s and 92?
92
Let s be 3 - (-30 + (-5 - -4)). Suppose -s*m = -37*m + 6. Suppose 2*l - 50 = -3*a, -6*l - 70 = -9*l - m*a. What is the highest common divisor of 99 and l?
11
Let i(d) be the first derivative of -5*d + 24 + 2*d**2 + 4/3*d**3. Let t be i(2). What is the greatest common factor of t and 19?
19
Let a = -32 + 66. Let v be 10 - (-20 - (1 + -11)). Suppose -6426 = -7*h - v*h. What is the greatest common factor of a and h?
34
Let x be 1414/(-10)*-1 + -10*(-43)/(-1075). Calculate the highest common divisor of 129 and x.
3
Suppose -7*m = c - 5*m - 16, 4*c = 4*m + 4. Let s be 4 + -12*((-248)/c)/4. Calculate the highest common factor of 16 and s.
16
Suppose -5*d - 3*o - 43 + 163 = 0, 0 = 5*d + 6*o - 105. What is the highest common divisor of 1332 and d?
9
Let k = -5048 - -23188. Calculate the highest common factor of 20 and k.
20
Let g be -5 + 96/18 - 119/(-3). Calculate the greatest common divisor of g and 3160.
40
Let w be 56/9 - 8/36. Let r be (w/(-10))/((-1)/25). Let x(f) = 6*f + 36. Let n be x(r). Calculate the highest common divisor of 18 and n.
18
Let c = -213 + 215. Let h be (75/(-225))/(c/(-132)*1). What is the greatest common divisor of 176 and h?
22
Let l be 345/10 + 1 + 6/(-4). Let a = 78 + -73. Suppose 34 = -a*w + 7*w. What is the highest common factor of w and l?
17
Let y = 4347 - 2709. What is the greatest common factor of 351 and y?
117
Let o be (0/(-6)*-1)/(-2). Let y(d) = -12*d + 1. Let f be y(o). Calculate the highest common factor of 8 and f.
1
Suppose 19*n = 59*n + 34*n - 20424. Calculate the greatest common factor of 240 and n.
12
Let l(q) = -1394*q + 152. Let g be l(-2). What is the greatest common factor of g and 35?
35
Let z(a) = 3*a - 263. Let g be z(93). Calculate the highest common divisor of g and 872.
8
Let u(m) = -81*m - 2. Let k be u(-5). Suppose 3*i + 43 - k = 0. What is the greatest common divisor of 36 and i?
12
Let i = 14795 - 14513. What is the highest common divisor of i and 12878?
94
Let i(c) be the third derivative of -c**5/60 + 5*c**4/8 - 11*c**3/2 + 2*c**2 - 105. Let n be i(6). Calculate the highest common divisor of 12 and n.
3
Suppose -24*o - 765 = -6*o - 4545. Calculate the highest common divisor of o and 910.
70
Let q be (16/(-32))/((-2)/192). Suppose -v + q*v - 13160 = 0. Calculate the highest common divisor of 42 and v.
14
Let v be (-15257)/(-219) + 3*(-5)/(-45). What is the greatest common factor of 880 and v?
10
Let r(p) = -3*p - p + 18*p - p - 9. Let z be r(3). Suppose -z = -i - 3. Calculate the greatest common factor of 216 and i.
27
Suppose -18*y = -2*y - 576. Let c = 166 + -22. What is the greatest common factor of c and y?
36
Let a = 85 + -84. Let z be -1 - (-282 + 5) - a. Suppose -3*x + 82 - 7 = 0. What is the highest common divisor of z and x?
25
Let m(x) = 105*x + 90. Suppose 3 = 5*i - 2*i, 2*i = 3*f - 34. Let l be m(f). What is the greatest common factor of l and 18?
18
Suppose -5 = -a + 4*x, 70 = 5*a + 5*x - 55. Let y be (-3)/11 - (-3833580)/3883. Calculate the greatest common divisor of y and a.
21
Let p = -7964 + 8004. What is the highest common divisor of 340 and p?
20
Let c be 480/7*6615/567. What is the highest common divisor of 175 and c?
25
Let v be (-2488)/(-12) - 4/(-6). Let z be (-2)/(-21) + (-46240)/(-1785). What is the greatest common divisor of v and z?
26
Let b be (72/40 - 0)*(-20)/6 - -60. What is the highest common divisor of 1242 and b?
54
Let s be 5/(15/(-8))*-63. Suppose 164*t + 7 = 165*t. Let b be (t/(-1))/(-2 - 20/(-12)). Calculate the greatest common divisor of b and s.
21
Suppose 0 = -116*m + 2618 + 5154. Calculate the highest common factor of m and 1675.
67
Suppose -5*x + 12959 = -5*n + 36019, 0 = n + 5*x - 4654. Calculate the greatest common divisor of n and 298.
149
Suppose 24 = 3*y + p - 152, 5*p = y - 32. What is the highest common factor of y and 11058?
57
Let d be (-5)/(-25) + (-6 - (-689)/5). Suppose -u - 6*s + 76 = -s, -5*u + 5*s + 320 = 0. Calculate the highest common divisor of d and u.
66
Let r be 2 - 3/1*-15. Let v = -3843 - -3937. What is the highest common factor of v and r?
47
Suppose -43*g + 44*g - 3*u = 282, -2*g - 2*u = -612. What is the highest common factor of 195 and g?
15
Suppose -c + 33 = -3*f, -5*c + 3*f + 120 = -81. Calculate the highest common factor of 14 and c.
14
Let z = -642 - -81. Let b = -483 - z. Suppose 3*a = 8*a - 30. Calculate the highest common divisor of a and b.
6
Let c(z) = -z + 37. Let l be c(0). Let v(s) = -88*s - 313. Let i be v(-8). Let w = i + -354. What is the highest common factor of l and w?
37
Let m(f) = -1007*f**2 + 2*f - 1. Let l be m(1). Let b = l - -1510. Suppose 7*r - 21 = b. What is the greatest common factor of 15 and r?
15
Suppose -15 = -2*b - 5. Suppose b*h = 4*h - 5*q + 83, 0 = 3*h + 2*q - 236. Let i = 1 - -25. What is the greatest common divisor of i and h?
26
Suppose 3*y + 212 = -5*q + 2014, -y - 3*q + 606 = 0. Calculate the greatest common factor of y and 558.
18
Let a = 19345 + -10637. Calculate the greatest common divisor of 8 and a.
4
Let h(v) = v - 3. Let i be h(5). Let b be 2/i*(2 + 27). Calculate the greatest common factor of b and 87.
29
Suppose -32300 = 81855*s - 81872*s. Calculate the greatest common factor of 152 and s.
76
Suppose u - 47*k - 57 = -44*k, 3*k + 18 = 0. Calculate the greatest common factor of u and 832.
13
Suppose l + 4*v - 688 + 120 = 0, 2*l - 1114 = 3*v. Let a = -350 + l. Calculate the greatest common divisor of 120 and a.
30
Let r(c) = 4*c - 8. Let h be (6/(-8))/(10/(-120)). Let p be r(h). Let y(t) = -111*t + 2. Let b be y(-2). What is the greatest common divisor of p and b?
28
Let z(f) = -299*f - 651. Let w be z(-4). What is the highest common factor of w and 10?
5
Let v(h) be the first derivative of 8*h**3 - h**2/2 + h + 35. Let k be v(1). Calculate the greatest common factor of k and 15.
3
Let o(t) = 52*t + 262. Let a be o(-5). Let h be (-960)/(-90)*6/4. What is the highest common factor of h and a?
2
Suppose -q + 8*m - 21 + 58 = 0, -m + 73 = q. Let g(r) = -12*r**3 + r - 2. Let y be g(-2). What is the greatest common divisor of y and q?
23
Let f be (-35)/(-25) + (-4)/10 - -3. Let l = f - -12. What is the highest common factor of l and 72?
8
Let z(s) = -s**3 - 4*s**2 - 34*s - 89. Let t be z(-3). Calculate the greatest common factor of t and 4334.
2
Let j = 492 + -306. Suppose 0 = -192*w - 19830 + 79350. What is the highest common divisor of j and w?
62
Let w(z) = -20*z - 76. Let j(a) = a - 2. Let b(p) = -10*j(p) - w(p). Let t be b(-6). Calculate the greatest common factor of t and 27.
9
Let n(g) = 4*g**2 - 12*g - 16. Let p be n(6). Let k = p + -34. Let h = 22 + 88. Calculate the highest common factor of h and k.
22
Suppose 4*b - 36 = 12. Let o be (-382)/(-18) - b/54. Let x = 8 + o. What is the greatest common factor of x and 116?
29
Let x be ((-1130)/(-40))/((-1)/(-4)). Suppose 3*n - x = -4*o, 4*o + 4*n - 3*n = 115. What is the highest common factor of 58 and o?
29
Suppose 3*h = u - 64, 33 + 76 = -5*h + 4*u. Let o = 21 - h. Calculate the greatest common divisor of o and 24.
6
Let l(y) = 14*y**2 + 1093*y + 148. Let n be l(-78). Let t be (-3)/6 - 87/(-6). Calculate the highest common factor of n and t.
14
Let m(b) = 2*b**2 - 76*b + 384. Let w be m(34). Calculate the highest common factor of 1134 and w.
14
Let r(f) = f**3 + 23*f**2 + 20*f - 40. Let c be